se 16.
16e
Convert 45 (base 11) to base 14.
37
Convert -5052 (base 15) to base 8.
-41070
Convert -464d (base 16) to base 5.
-1033442
Convert 1040342 (base 5) to base 16.
472e
-19c9 (base 14) to base 7
-16442
24444 (base 9) to base 16
4012
6726 (base 9) to base 8
11545
5659 (base 14) to base 2
11101001111111
What is 20120 (base 5) in base 7?
3514
Convert 1128 (base 10) to base 3.
1112210
What is 3063 (base 7) in base 2?
10000110010
10101110101 (base 2) to base 15
632
c4b (base 16) to base 10
3147
Convert -153 (base 15) to base 13.
-1a4
24841 (base 10) to base 6
311001
-751 (base 8) to base 16
-1e9
Convert -1467e (base 15) to base 11.
-45311
What is 691 (base 10) in base 6?
3111
Convert -1101 (base 10) to base 3.
-1111210
What is -1878 (base 11) in base 10?
-2384
Convert 1251534 (base 6) to base 13.
255bb
-8a (base 12) to base 11
-97
Convert 22413 (base 5) to base 16.
648
What is -110100 (base 8) in base 12?
-19454
Convert -1200 (base 12) to base 10.
-2016
Convert 1714 (base 10) to base 16.
6b2
Convert -10010010100 (base 2) to base 8.
-2224
Convert 219 (base 12) to base 16.
135
Convert -225416 (base 8) to base 13.
-28b01
2100202 (base 3) to base 2
11010111001
Convert -21100 (base 3) to base 13.
-123
10022010 (base 3) to base 2
100101100110
Convert 41110 (base 5) to base 15.
bc0
What is 33c (base 13) in base 14?
2bc
What is -1a43c (base 13) in base 14?
-14974
What is -1142 (base 11) in base 4?
-113122
What is -40612 (base 7) in base 2?
-10011010110011
Convert 17985 (base 12) to base 15.
a21e
Convert -7327 (base 11) to base 9.
-14277
-113023 (base 6) to base 15
-2d40
Convert 2016 (base 8) to base 9.
1373
What is 50 (base 7) in base 12?
2b
What is -14927 (base 11) in base 3?
-1001220212
Convert 3c (base 15) to base 5.
212
What is -32 (base 6) in base 10?
-20
Convert 1001100 (base 3) to base 2.
1011111101
What is 17679 (base 12) in base 5?
2040124
What is -41a (base 16) in base 5?
-13200
What is 10368 (base 10) in base 3?
112020000
Convert 14172 (base 8) to base 3.
22121002
63e3 (base 15) to base 2
101001010010010
-375a (base 12) to base 11
-4783
-110101111001 (base 2) to base 14
-1385
-156 (base 13) to base 3
-22220
-1d6 (base 14) to base 12
-280
Convert -5651 (base 9) to base 10.
-4177
What is 5633 (base 8) in base 13?
1477
What is 1a9 (base 12) in base 15?
133
Convert -3255 (base 16) to base 7.
-52365
Convert -1023 (base 10) to base 8.
-1777
What is -5284 (base 13) in base 7?
-45220
-1434 (base 7) to base 5
-4224
221 (base 10) to base 16
dd
-531443 (base 6) to base 7
-236550
What is 11012220 (base 4) in base 3?
1001200020
1101100100000 (base 2) to base 5
210234
Convert 5a46 (base 11) to base 12.
46b7
What is 48 (base 12) in base 15?
3b
85c3 (base 14) to base 9
34620
What is -768a (base 12) in base 3?
-122220221
Convert 11111001100 (base 2) to base 5.
30441
Convert -2135 (base 12) to base 2.
-111000111001
Convert 17214 (base 11) to base 16.
5e97
What is -10210100 (base 3) in base 6?
-20443
-3546 (base 11) to base 2
-1001000101000
What is 2200131 (base 4) in base 12?
5b39
What is -2210010 (base 3) in base 6?
-13220
63542 (base 7) to base 5
1000320
Convert a43 (base 12) to base 11.
1136
Convert 33010 (base 4) to base 16.
3c4
Convert 224001 (base 5) to base 8.
17501
Convert 3302 (base 7) to base 4.
102122
Convert -1000110110 (base 2) to base 3.
-202222
Convert 533 (base 6) to base 11.
173
What is -615 (base 7) in base 16?
-132
Convert -250 (base 8) to base 3.
-20020
What is -8a6 (base 13) in base 12?
-a40
-101010011 (base 2) to base 15
-179
26228 (base 10) to base 11
18784
What is -11001001 (base 2) in base 15?
-d6
Convert -236 (base 10) to base 12.
-178
Convert -374 (base 12) to base 2.
-1000001000
12d3 (base 15) to base 3
12112000
What is -153 (base 14) in base 12?
-1a5
What is -326 (base 7) in base 14?
-bd
Convert -20201 (base 3) to base 5.
-1211
Convert -65311 (base 9) to base 12.
-21054
What is 2444 (base 11) in base 6?
22442
Convert 63 (base 15) to base 14.
69
Convert -210315 (base 7) to base 6.
-435250
-1120110 (base 3) to base 7
-3225
What is -16922 (base 12) in base 13?
-119b4
-2010111101 (base 3) to base 16
-a3ba
What is 38d4 (base 14) in base 3?
111200212
Convert -6612 (base 10) to base 5.
-202422
Convert 1221 (base 6) to base 15.
151
What is 312415 (base 6) in base 3?
1021120202
Convert 22654 (base 7) to base 6.
42541
Convert -4240 (base 5) to base 2.
-1000111010
Convert 1178 (base 9) to base 15.
3db
What is -364b (base 12) in base 14?
-2323
100230 (base 4) to base 10
1068
Convert 12e7 (base 16) to base 10.
4839
-100310121 (base 4) to base 6
-1250533
Convert 1011101101100100 (base 2) to base 5.
3013342
Convert -52857 (base 10) to base 13.
-1b09c
18246 (base 11) to base 12
12979
What is 1011112 (base 4) in base 7?
15640
What is -202001110 (base 3) in base 6?
-151403
Convert -45330 (base 7) to base 15.
-360c
What is -2300210 (base 4) in base 14?
-4192
Convert -2651 (base 10) to base 15.
-bbb
Convert 170a (base 12) to base 2.
101010111010
Convert -755 (base 10) to base 3.
-1000222
What is 2a7 (base 13) in base 5?
3400
Convert -b851 (base 13) to base 5.
-1304320
Convert 227 (base 8) to base 9.
177
101523 (base 6) to base 2
1111111111011
-41624 (base 9) to base 5
-1334411
Convert -1a1 (base 12) to base 16.
-109
Convert aa05 (base 12) to base 15.
5835
What is -1d07 (base 14) in base 9?
-7237
Convert -3152 (base 8) to base 4.
-121222
Convert -335202 (base 6) to base 9.
-42822
-4a (base 15) to base 4
-1012
2581 (base 10) to base 14
d25
Convert 33222 (base 7) to base 6.
102350
Convert -12411 (base 6) to base 5.
-30004
-1c4 (base 15) to base 5
-3114
Convert -9625 (base 10) to base 2.
-10010110011001
-23300102 (base 4) to base 15
-e3eb
What is 3167 (base 10) in base 12?
19bb
What is -907 (base 14) in base 11?
-1370
-1446 (base 7) to base 3
-210020
What is -2003 (base 6) in base 8?
-663
1c1 (base 13) to base 7
644
10603 (base 8) to base 14
18c3
-ff9 (base 16) to base 15
-1329
-2 (base 13) to base 9
-2
-2222 (base 5) to base 4
-10320
What is -5841 (base 12) in base 8?
-23161
Convert -13103303 (base 4) to base 15.
-8d0e
Convert 144 (base 14) to base 13.
169
Convert b7e (base 16) to base 3.
11000222
4a2 (base 11) to base 9
732
Convert -112521 (base 7) to base 14.
-74b8
2240 (base 7) to base 10
812
-110312 (base 5) to base 8
-7370
Convert 3136 (base 8) to base 10.
1630
Convert 1010011111110 (base 2) to base 14.
1d5c
-212012 (base 3) to base 16
-272
What is 5706 (base 8) in base 14?
1154
Convert 23a0 (base 11) to base 9.
4263
What is 563 (base 10) in base 14?
2c3
-30032 (base 4) to base 16
-30e
Convert -1373 (base 9) to base 7.
-3012
Convert 13021 (base 5) to base 9.
1343
What is 3230012 (base 4) in base 8?
35406
66 (base 10) to base 3
2110
What is 10111212 (base 3) in base 13?
1220
Convert -443 (base 9) to base 10.
-363
49269 (base 11) to base 16
114cc
11213 (base 5) to base 9
1087
Convert -243 (base 9) to base 13.
-126
What is 1041020 (base 5) in base 4?
10131110
Convert 8833 (base 9) to base 15.
1de0
2443010 (base 5) to base 15
dc3a
-14550 (base 9) to base 2
-10011011000111
Convert 1470 (base 12) to base 6.
15020
Convert -c3a (base 16) to base 3.
-11021221
Convert 681a (base 16) to base 2.
110100000011010
What is -1424 (base 5) in base 7?
-461
206a3 (base 11) to base 2
111010110101001
22010102 (base 4) to base 16
a112
Convert -39f7 (base 16) to base 15.
-45e4
Convert -7877 (base 9) to base 5.
-141241
What is 123344 (base 6) in base 10?
11152
-58b (base 16) to base 3
-1221120
What is 1221100000 (base 3) in base 10?
38151
Convert -2971 (base 14) to base 10.
-7351
21220 (base 3) to base 7
423
What is -5a (base 16) in base 3?
-10100
1255 (base 6) to base 5
2243
Convert 20210022 (base 3) to base 6.
34525
Convert -37261 (base 8) to base 6.
-202145
Convert -26429 (base 10) to base 6.
-322205
What is -22bb (base 13) in base 14?
-1ad0
What is 643 (base 8) in base 7?
1136
-62536 (base 9) to base 4
-22010232
Convert -1523 (base 14) to base 2.
-111010101011
235 (base 15) to base 2
111110100
What is -330023 (base 5) in base 7?
-44560
What is -1b8 (base 16) in base 4?
-12320
21200 (base 5) to base 14
73b
31000 (base 5) to base 9
2662
-4a76 (base 14) to base 11
-9885
37084 (base 10) to base 4
21003130
What is 5505 (base 6) in base 5?
20030
Convert 3244 (base 11)